{"id":92,"date":"2025-02-25T11:57:59","date_gmt":"2025-02-25T14:57:59","guid":{"rendered":"http:\/\/cepefreititoal.org.br\/?page_id=92"},"modified":"2026-01-23T17:16:38","modified_gmt":"2026-01-23T20:16:38","slug":"relatorio-fisico-financeiro-2025","status":"publish","type":"page","link":"http:\/\/cepefreititoal.org.br\/index.php\/relatorio-fisico-financeiro-2025\/","title":{"rendered":"Relat\u00f3rio F\u00edsico-Financeiro 2025"},"content":{"rendered":"\n<p><em>Os Relat\u00f3rios Financeiros s\u00e3o demonstrativos importantes que apresentam as movimenta\u00e7\u00f5es financeiras da institui\u00e7\u00e3o onde s\u00e3o apresentados os saldos iniciais, receitas e despesas de cada m\u00eas. Caso tenha alguma d\u00favida voc\u00ea pode entrar em contato enviando um email para o endere\u00e7o: cepecolonia@uol.com.br. Estaremos a disposi\u00e7\u00e3o para sanar quaisquer d\u00favidas. <\/em><\/p>\n\n\n\n<h4 class=\"wp-block-heading\">TERMO DE COLABORA\u00c7\u00c3O ADT01 AS08\/2025<\/h4>\n\n\n\n<p>RELAT\u00d3RIO CIRCUNSTANCIADO DE ATIVIDADES MENSAIS \u2013 (Selecione o m\u00eas para realizar a consulta)<\/p>\n\n\n\n<h4 class=\"wp-block-heading\">Janeiro a Dezembro de 2025<\/h4>\n\n\n\n<figure class=\"wp-block-table\"><table><tbody><tr><td><a href=\"http:\/\/cepefreititoal.org.br\/wp-content\/uploads\/2025\/02\/circunstanciado-JANEIRO-2025.pdf\">JAN\/25<\/a><\/td><td><a href=\"http:\/\/cepefreititoal.org.br\/wp-content\/uploads\/2025\/03\/Circunstanciado-ADT01-AS08-2025-02-2025.pdf\">FEV\/25<\/a><\/td><td><a href=\"http:\/\/cepefreititoal.org.br\/wp-content\/uploads\/2025\/04\/circunstanciado_marco_2025_assinado.pdf\">MAR\/25<\/a><\/td><td><a href=\"http:\/\/cepefreititoal.org.br\/wp-content\/uploads\/2025\/05\/circunstanciado_abril_2025_assinado.pdf\">ABR\/25<\/a><\/td><td><a href=\"http:\/\/cepefreititoal.org.br\/wp-content\/uploads\/2025\/06\/Circunstanciado_mes_05_maio_2025_AS08.pdf\">MAI\/25<\/a><\/td><td><a href=\"http:\/\/cepefreititoal.org.br\/wp-content\/uploads\/2025\/07\/circunstanciado_mes_06_junho_2025-ADT-01-AS08-2025.pdf\">JUN\/25<\/a><\/td><\/tr><\/tbody><\/table><\/figure>\n\n\n\n<figure class=\"wp-block-table\"><table><tbody><tr><td><a href=\"http:\/\/cepefreititoal.org.br\/wp-content\/uploads\/2025\/08\/Relatorio-Mensal-ADT-01-AS08-2025-julho-2025.pdf\">JUL\/25<\/a><\/td><td><a href=\"http:\/\/cepefreititoal.org.br\/wp-content\/uploads\/2025\/09\/circunstanciado_mes_08_agosto_2025_assinado.pdf\">AGO\/25<\/a><\/td><td><a href=\"http:\/\/cepefreititoal.org.br\/wp-content\/uploads\/2025\/10\/circunstanciado_mes_setembro_2025_assinado-1.pdf\">SET\/25<\/a><\/td><td><a href=\"http:\/\/cepefreititoal.org.br\/wp-content\/uploads\/2025\/11\/AS-08-circunstanciado_mes_outubro_2025.pdf\">OUT\/25<\/a><\/td><td><a href=\"http:\/\/cepefreititoal.org.br\/wp-content\/uploads\/2025\/12\/circunstanciado_mes_novembro_2025_assinado-1.pdf\">NOV\/25<\/a><\/td><td><a href=\"http:\/\/cepefreititoal.org.br\/wp-content\/uploads\/2026\/01\/circunstanciadezembro-2025.pdf\">DEZ\/25<\/a><\/td><\/tr><\/tbody><\/table><\/figure>\n\n\n\n<hr class=\"wp-block-separator has-alpha-channel-opacity\"\/>\n\n\n\n<h4 class=\"wp-block-heading\">TERMO DE COLABORA\u00c7\u00c3O  DMCULT01\/2025<\/h4>\n\n\n\n<p>RELAT\u00d3RIO CIRCUNSTANCIADO DE ATIVIDADES MENSAIS \u2013 (Selecione o m\u00eas para realizar a consulta)<\/p>\n\n\n\n<h4 class=\"wp-block-heading\">Janeiro a Dezembro de 2025<\/h4>\n\n\n\n<figure class=\"wp-block-table\"><table><tbody><tr><td><a href=\"http:\/\/cepefreititoal.org.br\/wp-content\/uploads\/2025\/03\/Relatorio-Mensal-DMCULT-01-2025-01-2025.pdf\">JAN\/25<\/a><\/td><td><a href=\"http:\/\/cepefreititoal.org.br\/wp-content\/uploads\/2025\/03\/Relatorio-Mensal-ADT01-DMCULT-01-2025-02-2025.pdf\">FEV\/25<\/a><\/td><td><a href=\"http:\/\/cepefreititoal.org.br\/wp-content\/uploads\/2025\/04\/Relatorio-Mensal-ADT-01-DMCULT-2025-Marco-2025.pdf\">MAR\/25<\/a><\/td><td><a href=\"http:\/\/cepefreititoal.org.br\/wp-content\/uploads\/2025\/05\/Relatorio-Mensal-de-Atividades-ADT01-DMCULT-2025-Abril-2025.pdf\">ABR\/25<\/a><\/td><td><a href=\"http:\/\/cepefreititoal.org.br\/wp-content\/uploads\/2025\/06\/Circunstanciado_mes_05_maio_2025_DMCULT.pdf\">MAI\/25<\/a><\/td><td><a href=\"http:\/\/cepefreititoal.org.br\/wp-content\/uploads\/2025\/07\/Relatorio-Mensal-DMCULT-01-2025-06-2025.pdf\">JUN\/25<\/a><\/td><\/tr><\/tbody><\/table><\/figure>\n\n\n\n<figure class=\"wp-block-table\"><table><tbody><tr><td><a href=\"http:\/\/cepefreititoal.org.br\/wp-content\/uploads\/2025\/08\/Relatorio-Mensal-ADT-01-DMCULT-2025-julho-2025.pdf\">JUL\/25<\/a><\/td><td><a href=\"http:\/\/cepefreititoal.org.br\/wp-content\/uploads\/2025\/09\/Relatorio-Mensal-de-Atividades-ADT01-DMCULT-2025-agosto-2025.pdf\">AGO\/25<\/a><\/td><td><a href=\"http:\/\/cepefreititoal.org.br\/wp-content\/uploads\/2025\/10\/Relatorio-Mensal-de-Atividades-ADT01-DMCULT-01-2025-09-2025.pdf\">SET\/25<\/a><\/td><td><a href=\"http:\/\/cepefreititoal.org.br\/wp-content\/uploads\/2025\/11\/DMCULT-circunstanciado_mes_outubro_2025.pdf\">OUT\/25<\/a><\/td><td><a href=\"http:\/\/cepefreititoal.org.br\/wp-content\/uploads\/2025\/12\/Relatorio-mensal-11-2025.pdf\">NOV\/25<\/a><\/td><td><a href=\"http:\/\/cepefreititoal.org.br\/wp-content\/uploads\/2026\/01\/Relatorio-Mensal-de-Atividades-ADT01-DMCULT-2025-12-2025.pdf\">DEZ\/25<\/a><\/td><\/tr><\/tbody><\/table><\/figure>\n\n\n\n<hr class=\"wp-block-separator has-alpha-channel-opacity\"\/>\n\n\n\n<h4 class=\"wp-block-heading\">TERMO DE FOMENTO CEPE 2024\/2025<\/h4>\n\n\n\n<p>RELAT\u00d3RIO CIRCUNSTANCIADO DE ATIVIDADES MENSAIS \u2013 (Selecione o m\u00eas para realizar a consulta)<\/p>\n\n\n\n<h4 class=\"wp-block-heading\">Janeiro a Fevereiro de 2025<\/h4>\n\n\n\n<figure class=\"wp-block-table\"><table><tbody><tr><td><a href=\"http:\/\/cepefreititoal.org.br\/wp-content\/uploads\/2025\/03\/mes-janeiro-2025-RELATORIO_alimentacao_JANEIRO_assinado.pdf\">JANEIRO\/2025<\/a><\/td><td><a href=\"http:\/\/cepefreititoal.org.br\/wp-content\/uploads\/2025\/05\/Relatorio-Mensal-de-Atividades-TFO-CEPE-fevereiro-2025.pdf\">FEVEREIRO\/2025<\/a><\/td><\/tr><\/tbody><\/table><\/figure>\n\n\n\n<hr class=\"wp-block-separator has-alpha-channel-opacity\"\/>\n\n\n\n<p><strong>Observa\u00e7\u00e3o:<\/strong>&nbsp;Os documentos comprobat\u00f3rios encontram-se dispon\u00edveis fisicamente&nbsp;na UPS1 \u2013 Recanto Col\u00f4nia Veneza localizada&nbsp; na Avenida Darci Fonseca, 181, Bairro dos Prados, Peru\u00edbe\/SP \u2013 11750-000 \/Tel (13) 3458-1717 e 3456-3206 \/ email: cepecolonia@uol.com.br, a disposi\u00e7\u00e3o dos \u00d3rg\u00e3os competentes para verifica\u00e7\u00e3o e quaisquer outros procedimentos que se fizerem necess\u00e1rios.<\/p>\n","protected":false},"excerpt":{"rendered":"<p>Os Relat\u00f3rios Financeiros s\u00e3o demonstrativos importantes que apresentam as movimenta\u00e7\u00f5es financeiras da institui\u00e7\u00e3o onde s\u00e3o apresentados os saldos iniciais, receitas e despesas de cada m\u00eas. Caso tenha alguma d\u00favida voc\u00ea pode entrar em contato enviando um email para o endere\u00e7o: cepecolonia@uol.com.br. Estaremos a disposi\u00e7\u00e3o para sanar quaisquer d\u00favidas. TERMO DE COLABORA\u00c7\u00c3O ADT01 AS08\/2025 RELAT\u00d3RIO CIRCUNSTANCIADO [&hellip;]<\/p>\n","protected":false},"author":1,"featured_media":0,"parent":0,"menu_order":0,"comment_status":"closed","ping_status":"closed","template":"","meta":{"footnotes":""},"class_list":["post-92","page","type-page","status-publish","hentry"],"_links":{"self":[{"href":"http:\/\/cepefreititoal.org.br\/index.php\/wp-json\/wp\/v2\/pages\/92","targetHints":{"allow":["GET"]}}],"collection":[{"href":"http:\/\/cepefreititoal.org.br\/index.php\/wp-json\/wp\/v2\/pages"}],"about":[{"href":"http:\/\/cepefreititoal.org.br\/index.php\/wp-json\/wp\/v2\/types\/page"}],"author":[{"embeddable":true,"href":"http:\/\/cepefreititoal.org.br\/index.php\/wp-json\/wp\/v2\/users\/1"}],"replies":[{"embeddable":true,"href":"http:\/\/cepefreititoal.org.br\/index.php\/wp-json\/wp\/v2\/comments?post=92"}],"version-history":[{"count":28,"href":"http:\/\/cepefreititoal.org.br\/index.php\/wp-json\/wp\/v2\/pages\/92\/revisions"}],"predecessor-version":[{"id":288,"href":"http:\/\/cepefreititoal.org.br\/index.php\/wp-json\/wp\/v2\/pages\/92\/revisions\/288"}],"wp:attachment":[{"href":"http:\/\/cepefreititoal.org.br\/index.php\/wp-json\/wp\/v2\/media?parent=92"}],"curies":[{"name":"wp","href":"https:\/\/api.w.org\/{rel}","templated":true}]}}