{"id":299,"date":"2026-03-02T21:37:07","date_gmt":"2026-03-03T00:37:07","guid":{"rendered":"https:\/\/cepefreititoal.org.br\/?page_id=299"},"modified":"2026-03-12T19:28:23","modified_gmt":"2026-03-12T22:28:23","slug":"relatorios-2026","status":"publish","type":"page","link":"https:\/\/cepefreititoal.org.br\/index.php\/relatorios-2026\/","title":{"rendered":"Relat\u00f3rio F\u00edsico-Financeiro 2026"},"content":{"rendered":"\n<p><em>Os Relat\u00f3rios Financeiros s\u00e3o demonstrativos importantes que apresentam as movimenta\u00e7\u00f5es financeiras da institui\u00e7\u00e3o onde s\u00e3o apresentados os saldos iniciais, receitas e despesas de cada m\u00eas. Caso tenha alguma d\u00favida voc\u00ea pode entrar em contato enviando um email para o endere\u00e7o: cepecolonia@uol.com.br. Estaremos a disposi\u00e7\u00e3o para sanar quaisquer d\u00favidas.<\/em><\/p>\n\n\n\n<h4 class=\"wp-block-heading\"><mark>TERMO DE ADITAMENTO 02.ADT-AS08\/2026<\/mark><\/h4>\n\n\n\n<p>RELAT\u00d3RIO CIRCUNSTANCIADO DE ATIVIDADES MENSAIS \u2013 (Selecione o m\u00eas para realizar a consulta)<\/p>\n\n\n\n<h4 class=\"wp-block-heading\">Janeiro a Dezembro de 2026<\/h4>\n\n\n\n<figure class=\"wp-block-table\"><table class=\"has-fixed-layout\"><tbody><tr><td><a href=\"http:\/\/cepefreititoal.org.br\/wp-content\/uploads\/2026\/03\/Relatorio-Mensal-de-Atividades-02ADT-AS08-2026-01-2026.pdf\">JAN\/26<\/a><\/td><td><a href=\"http:\/\/cepefreititoal.org.br\/wp-content\/uploads\/2026\/03\/Relatorio-Tecnico-Pedagogico-Mensal-AS08-02-2026.pdf\">FEV\/26<\/a><\/td><td>MAR\/26<\/td><td>ABR\/26<\/td><td>MAI\/26<\/td><td>JUN\/26<\/td><\/tr><\/tbody><\/table><\/figure>\n\n\n\n<figure class=\"wp-block-table\"><table class=\"has-fixed-layout\"><tbody><tr><td>JUL\/26<\/td><td>AGO\/26<\/td><td>SET\/26<\/td><td>OUT\/26<\/td><td>NOV\/26<\/td><td>DEZ\/26<\/td><\/tr><\/tbody><\/table><\/figure>\n\n\n\n<hr class=\"wp-block-separator has-alpha-channel-opacity\"\/>\n\n\n\n<h4 class=\"wp-block-heading\" id=\"block-90ee197f-d8e2-45d4-a2ee-838562095077\"><mark>TERMO DE COLABORA\u00c7\u00c3O DMCULT 01\/2026<\/mark><\/h4>\n\n\n\n<p>RELAT\u00d3RIO CIRCUNSTANCIADO DE ATIVIDADES MENSAIS \u2013 (Selecione o m\u00eas para realizar a consulta)<\/p>\n\n\n\n<h4 class=\"wp-block-heading\">Janeiro a Dezembro de 2026<\/h4>\n\n\n\n<figure class=\"wp-block-table\"><table class=\"has-fixed-layout\"><tbody><tr><td><a href=\"http:\/\/cepefreititoal.org.br\/wp-content\/uploads\/2026\/03\/Relatorio-Tecnico-Pedagogico-Mensal-DMCULT-01-2026.pdf\">JAN\/26<\/a><\/td><td><a href=\"http:\/\/cepefreititoal.org.br\/wp-content\/uploads\/2026\/03\/Relatorio-Tecnico-Pedagogico-Mensal-DMCULT-02-2026.pdf\">FEV\/26<\/a><\/td><td>MAR\/26<\/td><td>ABR\/26<\/td><td>MAI\/26<\/td><td>JUN\/26<\/td><\/tr><\/tbody><\/table><\/figure>\n\n\n\n<figure class=\"wp-block-table\"><table class=\"has-fixed-layout\"><tbody><tr><td>JUL\/26<\/td><td>AGO\/26<\/td><td>SET\/26<\/td><td>OUT\/26<\/td><td>NOV\/26<\/td><td>DEZ\/26<\/td><\/tr><\/tbody><\/table><\/figure>\n\n\n\n<hr class=\"wp-block-separator has-alpha-channel-opacity\"\/>\n\n\n\n<h4 class=\"wp-block-heading\" id=\"block-0f02278e-18c7-4c18-a4f9-6d3ff5b9e44b\"><mark>TERMO DE FOMENTO CEPE 05\/2026<\/mark><\/h4>\n\n\n\n<p>RELAT\u00d3RIO CIRCUNSTANCIADO DE ATIVIDADES MENSAIS \u2013 (Selecione o m\u00eas para realizar a consulta)<\/p>\n\n\n\n<h4 class=\"wp-block-heading\">Janeiro a Dezembro de 2026<\/h4>\n\n\n\n<figure class=\"wp-block-table\"><table class=\"has-fixed-layout\"><tbody><tr><td><a href=\"http:\/\/cepefreititoal.org.br\/wp-content\/uploads\/2026\/03\/01-2026.pdf\">JAN\/26<\/a><\/td><td><a href=\"http:\/\/cepefreititoal.org.br\/wp-content\/uploads\/2026\/03\/02-2026.pdf\">FEV\/26<\/a><\/td><td>MAR\/26<\/td><td>ABR\/26<\/td><td>MAI\/26<\/td><td>JUN\/26<\/td><\/tr><\/tbody><\/table><\/figure>\n\n\n\n<figure class=\"wp-block-table\"><table class=\"has-fixed-layout\"><tbody><tr><td>JUL\/26<\/td><td>AGO\/26<\/td><td>SET\/26<\/td><td>OUT\/26<\/td><td>NOV\/26<\/td><td>DEZ\/26<\/td><\/tr><\/tbody><\/table><\/figure>\n\n\n\n<hr class=\"wp-block-separator has-alpha-channel-opacity\"\/>\n\n\n\n<h4 class=\"wp-block-heading\" id=\"block-0f02278e-18c7-4c18-a4f9-6d3ff5b9e44b\"><mark>TERMO DE FOMENTO CEPE 09\/2026<\/mark><\/h4>\n\n\n\n<p>RELAT\u00d3RIO CIRCUNSTANCIADO DE ATIVIDADES MENSAIS \u2013 (Selecione o m\u00eas para realizar a consulta)<\/p>\n\n\n\n<h4 class=\"wp-block-heading\">Fevereiro a Dezembro de 2026<\/h4>\n\n\n\n<figure class=\"wp-block-table\"><table class=\"has-fixed-layout\"><tbody><tr><td>&#8212;&#8212;&#8212;&#8212;&#8212;-<\/td><td><a href=\"http:\/\/cepefreititoal.org.br\/wp-content\/uploads\/2026\/03\/mes-02-circunstanciado-Prato-Cheio.pdf\">FEV\/26<\/a><\/td><td>MAR\/26<\/td><td>ABR\/26<\/td><td>MAI\/26<\/td><td>JUN\/26<\/td><\/tr><\/tbody><\/table><\/figure>\n\n\n\n<figure class=\"wp-block-table\"><table class=\"has-fixed-layout\"><tbody><tr><td>JUL\/26<\/td><td>AGO\/26<\/td><td>SET\/26<\/td><td>OUT\/26<\/td><td>NOV\/26<\/td><td>DEZ\/26<\/td><\/tr><\/tbody><\/table><\/figure>\n\n\n\n<hr class=\"wp-block-separator has-alpha-channel-opacity\"\/>\n\n\n\n<p><strong>Observa\u00e7\u00e3o:<\/strong>&nbsp;Os documentos comprobat\u00f3rios encontram-se dispon\u00edveis fisicamente&nbsp;na UPS1 \u2013 Recanto Col\u00f4nia Veneza localizada&nbsp; na Avenida Darci Fonseca, 181, Bairro dos Prados, Peru\u00edbe\/SP \u2013 11776-698\/Tel (13) 3458-1717 e 3456-3206 \/ email: cepecolonia@uol.com.br, a disposi\u00e7\u00e3o dos \u00d3rg\u00e3os competentes para verifica\u00e7\u00e3o e quaisquer outros procedimentos que se fizerem necess\u00e1ri<\/p>\n","protected":false},"excerpt":{"rendered":"<p>Os Relat\u00f3rios Financeiros s\u00e3o demonstrativos importantes que apresentam as movimenta\u00e7\u00f5es financeiras da institui\u00e7\u00e3o onde s\u00e3o apresentados os saldos iniciais, receitas e despesas de cada m\u00eas. Caso tenha alguma d\u00favida voc\u00ea pode entrar em contato enviando um email para o endere\u00e7o: cepecolonia@uol.com.br. Estaremos a disposi\u00e7\u00e3o para sanar quaisquer d\u00favidas. TERMO DE ADITAMENTO 02.ADT-AS08\/2026 RELAT\u00d3RIO CIRCUNSTANCIADO DE [&hellip;]<\/p>\n","protected":false},"author":1,"featured_media":0,"parent":0,"menu_order":0,"comment_status":"closed","ping_status":"closed","template":"","meta":{"footnotes":""},"class_list":["post-299","page","type-page","status-publish","hentry"],"_links":{"self":[{"href":"https:\/\/cepefreititoal.org.br\/index.php\/wp-json\/wp\/v2\/pages\/299","targetHints":{"allow":["GET"]}}],"collection":[{"href":"https:\/\/cepefreititoal.org.br\/index.php\/wp-json\/wp\/v2\/pages"}],"about":[{"href":"https:\/\/cepefreititoal.org.br\/index.php\/wp-json\/wp\/v2\/types\/page"}],"author":[{"embeddable":true,"href":"https:\/\/cepefreititoal.org.br\/index.php\/wp-json\/wp\/v2\/users\/1"}],"replies":[{"embeddable":true,"href":"https:\/\/cepefreititoal.org.br\/index.php\/wp-json\/wp\/v2\/comments?post=299"}],"version-history":[{"count":11,"href":"https:\/\/cepefreititoal.org.br\/index.php\/wp-json\/wp\/v2\/pages\/299\/revisions"}],"predecessor-version":[{"id":363,"href":"https:\/\/cepefreititoal.org.br\/index.php\/wp-json\/wp\/v2\/pages\/299\/revisions\/363"}],"wp:attachment":[{"href":"https:\/\/cepefreititoal.org.br\/index.php\/wp-json\/wp\/v2\/media?parent=299"}],"curies":[{"name":"wp","href":"https:\/\/api.w.org\/{rel}","templated":true}]}}